l(p) = p**2 + 12*p + 4. Suppose -4*q - 35 = 3*v, 15*v - 45 = 19*v + 5*q. Calculate l(v).
-31
Let c(l) = -7*l**2 + 9*l + 47. Let j(k) = -5*k**2 + 6*k + 30. Let a(w) = 5*c(w) - 8*j(w). Let m(y) = y**2 - 3. Let r(v) = -a(v) + 4*m(v). What is r(0)?
-7
Let w(n) = -8*n + 7. Let f be w(0). Let h be 2/f + (-6 - 171/(-63)). Let t(x) = x**3 + 6*x**2 + 2*x - 7. Calculate t(h).
14
Let f(r) be the first derivative of -r**4/4 + 13*r**3/3 + 3*r**2 + 12*r - 4988. Determine f(13).
90
Let s(d) = -d**2 + 17*d - 25. Suppose 5*c + 41 = 2*i, 45*c - 53*c - 80 = -4*i. Determine s(i).
-43
Let f(b) be the first derivative of 5*b**2 - 24*b - 12892. What is f(15)?
126
Let k(f) = 2*f - 43. Let q be k(24). Suppose -72 = -q*g + 17*g. Let w(h) be the second derivative of -h**3/6 - 4*h**2 - h. What is w(g)?
-2
Let i(u) = -5*u + 3. Suppose 5*b + d - 10 = 0, -4*b - 5*d + 1 - 14 = 0. Let t(y) = y**2 - 3*y - 4. Let r be t(b). What is i(r)?
23
Let i(s) = -s + 2. Let c(g) = g**3 - 3*g**2 + 2*g - 5. Let a(v) = v**2 + 1. Let q(b) = -4*a(b) - c(b). Let n be q(1). Let j be (-1 + n)*(-7)/4. What is i(j)?
-5
Let s(y) = 109*y - 181. Let i(a) = -93*a + 180. Let z(m) = 6*i(m) + 5*s(m). Give z(14).
-7
Let t(k) be the third derivative of -k**5/60 - k**4/3 + k**3/6 - 32*k**2. Let q be t(-9). Let m(b) = b**3 + 8*b**2 + 8. Calculate m(q).
8
Let q(r) = 5*r - 5. Suppose -k + 7 = -3*d, -25*k + 27*k - 7 = -d. Give q(d).
-10
Let i be (-3)/(-1 + 2)*(79 - 166). Let l(s) = -263*s - i*s + 3 + 523*s + 1 - 1. Determine l(0).
3
Let o(w) = w**3 + 10*w**2 - 9*w + 25. Suppose -2*k + 5 = -i, 179*k = 181*k + 6. Determine o(i).
3
Let b(w) = 4041809*w + 56 - w**3 - 4041810*w - 22. Give b(0).
34
Let r(h) = 4*h. Let c(m) = 4*m + 2*m - 3*m. Let p(z) = -3*c(z) + 2*r(z). Let w(k) = -1176*k + 19994. Let j be w(17). Determine p(j).
-2
Let g(b) = b**2 - 16*b - 36. Suppose 310 = 21*r - 89. What is g(r)?
21
Suppose -m + 11 = 3*d, 3*d - 2*m = 11 + 3. Let s(g) = -8*g - 703. Let t(y) = 11*y + 958. Let u(k) = 15*s(k) + 11*t(k). Determine u(d).
-3
Let g = 4 - -1. Let j(q) = 3*q**2 + 4*q + 3295 - 6574 + 3286 - q**3. Give j(g).
-23
Let x(a) = 5*a + 69. Let r(d) = -4*d + 2. Let g(t) = 2*r(t) + x(t). Determine g(23).
4
Let g(i) = 12*i + 2. Let z(s) be the second derivative of 2*s**3 - 83*s**2/2 + 8*s - 9. Let a be z(7). Give g(a).
14
Let y(x) = 40 - 9*x + 31*x + 19 + 19 + 16*x**2 - 114 - x**3. Determine y(17).
49
Let k(u) = 3*u + 22. Let n(g) = -5*g - 42. Let q(s) = 11*k(s) + 6*n(s). Suppose 0 = 2*b + 4*t - 20, -t + 8 = -b + 3*t. What is q(b)?
2
Suppose 6*b - 3*b - 4*w = 552, 3*b - 5*w - 555 = 0. Let a be b/(-108)*6/5. Let s(q) = 2*q**2 - 1. Give s(a).
7
Let o(k) = -k - 2. Let d(j) be the second derivative of j**5/10 - j**4/12 + j**3/6 + j**2/2 + 11*j. Let u be d(0). Suppose -w - u = 1. Calculate o(w).
0
Let h(s) = -4*s - 6. Let y = -196 - -213. Suppose -9*p + 10 = -y. Determine h(p).
-18
Let z(j) = -j**2 - 5*j + 1. Let y be 2*((-252)/8)/21. Calculate z(y).
7
Let t(g) = g**3 + 3*g**2 - 3*g + 2. Suppose 571 = 7*p + 151. Suppose v + 14*v = -p. Calculate t(v).
-2
Let l = -18 - -23. Suppose h = l*s - 3, -2*h + 4*h - 2 = 2*s. Suppose -3*x = u - 6*u + h, 3*u = 3. Let v(c) = -2*c**2 - 1. Determine v(x).
-3
Let n(j) = j**2 + 11*j + 4. Let h(c) = -9*c**2 - 111*c + 112. Let x be h(1). Determine n(x).
-20
Let v(r) be the second derivative of r**3 + 0 - 5/2*r**2 - 186*r + 1/12*r**4. Calculate v(-7).
2
Let z = 8376 - 8367. Let o(r) = 5*r**2 - 43*r - 3. Determine o(z).
15
Let g(q) = 25*q**3. Suppose 21*f - 23*f = -5*y - 7, -5*f = 4*y - 1. Give g(f).
25
Suppose 29*p + 26 + 3 = 0. Let c be (-7 + 1 + 6)*(2 + p). Let f(w) be the second derivative of w**3/6 - 2*w**2 + w. Calculate f(c).
-4
Let s(o) be the third derivative of -o**4/12 - 47*o**3/6 + 3*o**2. Let w = 43818 - 43842. Determine s(w).
1
Let z(y) be the third derivative of -y**6/720 - y**5/12 - 13*y**4/12 + y**3/3 + y**2 - 12. Let m(k) be the second derivative of z(k). What is m(0)?
-10
Let j be -3*((-56)/12 + 3). Let r be (4 - (-80)/(-25)) + 68/(-10). Let x(z) = -7*z - 25. Let u(w) = -w - 4. Let g(i) = r*x(i) + 39*u(i). Determine g(j).
9
Let a(c) = c**3 + 9*c**2 + 23*c + 13. Let t be a(-5). Let l(s) = 6*s**2 + s + 2. Calculate l(t).
24
Let a(k) = -90769*k - 17 + 90764*k - k**2 - 87*k**3 + 88*k**3. Give a(5).
58
Let q(a) = -137*a + 6 - 11 + 30*a**2 - a**3 - 17*a**2 + 141*a - 17*a**2. Let s = 22 - 31. Let b = 4 + s. Give q(b).
0
Let w(k) = -2*k**2 - 10*k - 17. Let g be w(-3). Let t(v) = -19090 + 19097 + v**3 - 3*v**2 - 2*v**3 + 8*v. Calculate t(g).
17
Suppose -47*r = -2*m + 295, -6*r - 5*m - 92 = -5*r. Suppose -5*f = 5*n - 30, -8*f + 3*f + 3*n - 2 = 0. Let k(q) = -2 - 12*q - q**f + 3*q + 0*q. Give k(r).
12
Let z(d) = 7*d**3 - 2*d - 1. Let m = -342 + 350. Suppose -m*q = -118 + 126. Calculate z(q).
-6
Let s(i) = i**2 - 18*i - 1. Let z be ((-5)/(-5 - 0)*-6)/(7/(-21)). Determine s(z).
-1
Let s(i) = i + 1. Let n(j) = 4*j - 4. Suppose -3*q + 3*l - 6 = 6, -3*q + 4*l = 15. Let u(g) = q*n(g) - s(g). Suppose 0 = 3*k + 46 - 37. Calculate u(k).
18
Let y(d) = 2*d**2 - 3*d - 2. Let g be y(2). Let s(x) = 19*x - 178 + 161 - 20*x + x**2. Calculate s(g).
-17
Let f(i) = -5*i + 13. Let v(k) = k. Let w(s) = -f(s) - 6*v(s). Let o be 9 + (-144)/(-16) + -25. Calculate w(o).
-6
Let d be (0 - 3/5) + 84/15. Suppose k + x + 3 = -2, 0 = 4*k - d*x + 47. Let u(g) = g**2 + 6*g + 2. Give u(k).
18
Let a(t) = t**3 + t**2 - 2*t - 1. Let g = -59 + 70. Suppose -11*i + g + 11 = 0. Give a(i).
7
Suppose -5*s + 19 = -3*i, 2*s = -2 + 12. Let p(w) = -5199 - w**i + 5199 - 7*w. Give p(-7).
0
Suppose -70*h = -36*h + 5 - 107. Let d(o) = 2*o**3 - 6*o**2 + 2*o - 11. Give d(h).
-5
Suppose 2*d = -d - 2*q + 195, 210 = 3*d - 3*q. Let m = d - 70. Let s(n) be the third derivative of -n**6/120 - n**5/60 + 5*n**4/24 + n**3/3 + 2*n**2. Give s(m).
5
Let d be 12/(-5) + 18/(-30) - -5. Let u(j) = 45*j**d + j + 46*j**2 - 92*j**2 + 2. Suppose 4*t - 3*g - 2 + 13 = 0, -6 = 4*t + 2*g. Calculate u(t).
-4
Let z(o) = 23838 - 19*o + 21*o - 11914 - 11918. Let a(b) = 4*b. Let k be a(4). Suppose k = -q - 3*q. Determine z(q).
-2
Let p(i) be the first derivative of -21*i**2 - 1. Suppose -8*m = 80, -5*r - 181*m = -185*m - 45. Calculate p(r).
-42
Let l(x) = x**2 - 88*x + 965. Let o be l(13). Let t(f) = f**2 + 2*f. Determine t(o).
80
Let u(h) = h + 5. Suppose -3*j = -4*c + 28, -3*j + 19 + 9 = 4*c. What is u(j)?
5
Let w(k) be the third derivative of k**4/12 + 28*k**3/3 - 4274*k**2. Give w(-19).
18
Suppose 0 = -418*t - 75 + 911. Let z(a) = -3*a**3 + 2*a**2 + 6*a - 7. Give z(t).
-11
Let x(i) = -i**2 + 6*i + 9. Suppose 4*m + 13 = 41. Let w be x(m). Let l(k) = -k - 2*k + 4*k - 14*k**w - 1. What is l(1)?
-14
Let j(v) = -8*v - 2. Let q(r) = 4*r**3 + 2*r**2 + 6*r - 6. Let p be q(1). Give j(p).
-50
Suppose 3*b + 2*g = 2*b + 18, 5*b + 2*g - 66 = 0. Suppose 244 = -4*m + b. Let k = 55 + m. Let w(o) = 2*o**2 - o + 2. Calculate w(k).
23
Let x(u) = -296*u**3 + 151*u**3 + 152*u**3 + 1 - 3*u. Give x(1).
5
Let w(s) = -2*s + 86. Let b be (7 - 21)/14 - (-1 - 43). Determine w(b).
0
Let f(a) = 10*a**2 - 107 - 134 + a**3 - 114 + a**2 - 8*a + 380. What is f(-12)?
-23
Let i(a) = 5 - 5*a**2 - 8*a**2 + 2*a**2 - 2 + 9*a**2 + 2*a**3. What is i(2)?
11
Let n(s) = 8*s - 1. Let z(v) = -v**3 - 8*v**2 + 39*v + 5. Let g(i) = 5*n(i) - z(i). Let j be 116/(-14) + 20/70. What is g(j)?
-18
Let g(j) be the third derivative of 1/15*j**5 - 20*j**2 + 0 - 1/120*j**6 + 1/8*j**4 - j**3 + 0*j. Let u be g(4). Let h(n) = -n - 2. Give h(u).
-8
Let o = 1 + 12. Let d(r) = r**3 + 15*r**2 + 3*r + 1. Let w(l) = 2*l**3 + 16*l**2 + 5*l - 2. Let q(n) = -3*d(n) + 2*w(n). Determine q(o).
6
Let o(x) = -x**2 + 12*x - 12. Let l(d) = -8*d**2 - 60*d + 11. Let k(b) = -9*b**2 - 59*b + 11. Let i(u) = -6*k(u) + 7*l(u). Let g be i(-33). Give o(g).
-1
Let s = 23150 - 23158. Let m(h) = h**2 + 4*h + 31. Calculate m(s).
63
Suppose 3*a + 2*g - 19 = 0, -29*a - 39 = -34*a + 4*g. Let t(j) = -j + 17. Calculate t(a).
10
Let p(k) = k + k**2 - 15*k + 10 - k. Let d = 2378 + -2364. What is p(d)?
-4
Let w = 57 + -52. Let q(p) = 6*p**2 - p - w*p**2 - 2*p. Let a be -1 - (4 + -10 + 2). Determine q(a).
0
Suppose 5*l + 2*n - 34 = 0, 0*l - 3*n + 23 = 4*l. Let m(h) = -51*h + 11 + 48*h - 2. Determine m(l).
-15
Let o(z) = -z**3 - 7*z**2 - 6*z - 4. Suppose 156 = 